 1).
0
Calculate -7 - (6 - (-2 - -9)) - -16.
10
Evaluate (-5 - 0) + (9 - 1) + 0.
3
What is -3 + (7 - (1 - 1))?
4
What is the value of -5 - (3 + -7 - 4)?
3
What is the value of 1 + 10 + -3 - (8 + -5)?
5
What is -7 - (5 + -3 - 0 - 5)?
-4
What is the value of -14 + (6 - 2) - -6?
-4
What is the value of -6 - (20 - 19 - (5 - 0))?
-2
Evaluate 1 + (-7 - -12) + -12.
-6
What is 0 + 4 + (-5 - -6)?
5
What is the value of 2 + 1 - (-18 + (-10 - -39))?
-8
What is (-35 - -32) + (3 - -1) - -1?
2
-8 + 2 + (-6 - (-7 + 1))
-6
What is 1 + (-4 - -2) + -2?
-3
-1 + -3 + 4 + 0 + 3
3
Calculate (-1 - (-7 + 6)) + 1.
1
2 - (-4 - (3 + -4))
5
What is the value of 2 - ((8 - (-5 + 7)) + -1)?
-3
-5 + 5 + -4 + 8 + 0
4
Calculate 6 - (17 + -3) - (2 - 5).
-5
What is the value of (3 - 4) + (-9 + 6 - 4)?
-8
(-1 - 2) + -37 + 44
4
What is -5 + -2 + -3 + (12 - 3)?
-1
Calculate 2 - (1 - -6 - 11).
6
What is (-1 - -2) + 0 + 32 + -35?
-2
What is 3 - (1 - 1 - (8 - 9))?
2
Evaluate 2 - -1 - (-4 + 6).
1
Calculate 6 - (-4 - -7) - 7.
-4
What is (-6 + 7 - 5) + -2?
-6
3 - (11 - 4 - (0 + 4))
0
What is the value of -2 + 1 - (-4 - (4 - 7))?
0
Evaluate -2 - (-10 - -25 - 10).
-7
Calculate (-5 - (0 + -7) - 8) + 13.
7
What is the value of 0 - 2 - -4 - 7?
-5
What is (-2 - 3 - -18) + (-1 - 3)?
9
What is -6 - -10 - 1 - 9?
-6
What is 1 + -1 + (3 + -2 - 0)?
1
Evaluate 2 + (-1 - 1 - -6 - -2).
8
What is the value of 9 - -8 - 8 - 16?
-7
Evaluate -6 + -7 + -1 + 7.
-7
(7 - 2 - (-1 + 2)) + 5
9
Evaluate 4 + (2 - 4) + (-6 - -5).
1
Evaluate 4 + (7 - (26 + -8)).
-7
Calculate (6 - 7) + (-5 + -2 - -3).
-5
What is the value of -4 + 1 + (5 - 1) + -6?
-5
What is 8 - (5 + 7) - -14?
10
(9 - 10) + (-1 - -1) + 5
4
Evaluate (11 - 3) + (6 - 11 - -5).
8
Calculate (5 - 0 - 17) + 16.
4
What is the value of -4 - (3 + (-7 - 2)) - 0?
2
What is 7 + (6 - 4 - 6)?
3
7 + 3 + -3 - 10
-3
What is 41 + -51 - (-1 - 12)?
3
What is the value of (1 - 1) + -2 + -1 + 1?
-2
(1 - 2) + -8 + 10 - -1
2
(-11 - 1) + 2 - -4
-6
What is the value of 1 - (7 - 4) - (1 + -1)?
-2
Evaluate 2 - (10 + -17 - -13).
-4
Calculate 2 + 1 - (-10 + 1 + 7).
5
-7 + -3 + 12 + -6
-4
Evaluate 3 - (15 + -5 + -6).
-1
Evaluate -10 - ((2 - 7) + 5 - 5).
-5
What is the value of 0 - -2 - (-4 + (2 - -2))?
2
Evaluate (9 - 2) + (3 - (8 - 3)).
5
What is 3 + -1 - (0 + -1) - 3?
0
Calculate (-17 - -9) + 4 - -7.
3
What is -11 - (-7 + 3 + (-4 - -1))?
-4
Evaluate 8 + (-5 - ((-8 - -5) + 3)).
3
Evaluate (-1 - 3) + 12 + -7.
1
What is 11 - (6 + 0) - 1?
4
(-7 + 3 - (-3 - 2)) + 4
5
What is (-9 - -7) + -3 + 1?
-4
Evaluate 4 + -4 + -1 + -2.
-3
(-1 - -4 - (-10 + 8)) + -1
4
Calculate (-26 - -30) + -10 + 1.
-5
What is the value of -4 + 8 + 1 - 2?
3
0 + (11 - 2) + -14
-5
What is the value of -4 + 4 + -1 + -4?
-5
Calculate -5 - (-9 - (2 - 5)).
1
What is the value of 2 - 1 - (3 + 3 + -6)?
1
3 - (5 - (-8 + 12 - 2))
0
Evaluate -6 + (7 - 1 - (-3 - 0)).
3
Evaluate 0 - (12 - 4) - -4.
-4
Evaluate -10 + 8 - -7 - (2 - 1).
4
Calculate 5 + 5 + -7 + -1.
2
What is 4 - (-6 - -5) - 8 - -7?
4
What is 2 + 3 + (-15 - -16)?
6
Calculate -4 + (3 + 3 - 7) + 0.
-5
What is the value of 2 + (-3 - 0) + 10 + -4?
5
Evaluate 7 - -4 - 8 - (2 + 0).
1
Calculate 1 + -2 + 10 - 5.
4
What is -6 + (4 - 2) + 8 - -1?
5
Calculate (0 - 11) + 9 + -2.
-4
What is (-13 + 4 - -7) + -8?
-10
What is (3 - (-1 + 11)) + 12?
5
Calculate (-13 - -14) + (4 - 0).
5
Evaluate (-18 - (-1 + -5)) + 7.
-5
What is (41 - 49) + (-1 - -5)?
-4
Calculate 3 + -3 + (0 - -3).
3
What is the value of -7 + 15 + -17 + 2?
-7
Evaluate 7 + -6 + 10 + -10 - -1.
2
What is -13 + 12 + -5 + 0?
-6
What is the value of (-2 - (-9 - -20)) + 9?
-4
Calculate 5 + 4 + -4 - (-13 + 9).
9
What is the value of -6 - ((-3 - -4) + -4)?
-3
Evaluate (-8 - -1) + (16 + -14 - -14).
9
3 - (2 - (-9 + 11))
3
What is the value of 11 + -6 - (11 - -1)?
-7
0 - (-3 + -5 + -1 - -4)
5
Evaluate -24 + 19 + (0 - (-2 + 2)).
-5
What is the value of -3 + -6 + 1 + 8?
0
(4 - 2) + -6 + -1 + -2
-7
0 + -2 + -1 - (18 + -14)
-7
What is -13 - (-2 - 4) - -7?
0
6 + 3 + -26 - (-9 - -2)
-10
What is -1 - 5 - (-12 - -10)?
-4
What is the value of 9 - (12 + (-10 - 1))?
8
What is the value of (10 - 2 - 9) + 6?
5
Evaluate 20 + -23 - (-7 + 3).
1
Evaluate (1 - -3 - 2) + (2 - 4).
0
Evaluate -33 - -34 - (-1 + 1 + -5).
6
What is the value of 6 - (-2 + -1) - 5?
4
What is the value of 0 + (7 - (-10 + 14))?
3
Calculate -2 + (-3 - (3 - -3 - 9)).
-2
Calculate -12 + 11 + -1 + 2.
0
What is the value of (-6 - -4 - -8) + 2 + -5?
3
What is the value of (12 - 16) + (-1 - -2)?
-3
1 - (5 - 5 - 2 - 0)
3
What is the value of -1 - -2 - (-5 - (2 - 4))?
4
What is (-4 - (6 + -7)) + -4?
-7
Evaluate -3 - (3 + -6 - -5).
-5
(-5 + 4 - 8) + (5 - 0)
-4
What is 16 - (41 - 27 - (-2 - -9))?
9
What is (-2 - -6) + 5 + -16?
-7
Evaluate (1 - (-1 + 2 + -1)) + 4.
5
What is 1 + 9 - (2 - -3)?
5
Evaluate -5 + 3 + 0 + 4 - 4.
-2
Evaluate (0 - 4) + 4 + -1.
-1
What is the value of -3 - ((1 - (2 + 7)) + 3)?
2
Calculate (-1 - (-4 - -4)) + -1.
-2
What is 2 + 3 + 50 + -44?
11
Evaluate 2 - (2 - (-9 + 1)).
-8
What is the value of (-3 - -1) + (-4 - 2 - -4)?
-4
What is the value of 5 - (-1 + 4 + -1)?
3
Evaluate -10 - (-7 + 4 - 10).
3
What is 3 + 2 + -3 + 3?
5
-3 + -3 - -1 - -9
4
What is 0 + -3 - ((-2 - 14) + 7)?
6
2 - (1 + (2 - 5))
4
What is the value of (0 - 5) + 26 + -25?
-4
What is the value of -24 - -26 - (6 - -1)?
-5
What is (2 - (-6 - -10 - 2)) + -6?
-6
Evaluate 3 + (4 - (12 - 1)).
-4
Calculate -5 + 3 + 42 + -33.
7
What is the value of -2 - (2 - -1 - 2)?
-3
Evaluate -2 + (-6 - (-5 - 0)).
-3
Calculate -5 - (-18 - (-12 - -3)).
4
Evaluate 10 + -1 + -12 + -3.
-6
What is the value of (1 - -9 - 19) + 8?
-1
-7 + 1 - (-3 - -2 - 13)
8
What is (-3 - -8 - 8) + 5?
2
Calculate 74 + -73 - (1 - -4).
-4
What is -8 + -3 + 7 + 1?
-3
What is the value of (7 - 15) + 6 - 0 - -5?
3
What is the value of 0 + (-8 - -12) - 0?
4
Evaluate (3 - -4) + -2 - 2.
3
What is 9 + -11 + (4 - 2 - 1)?
-1
What is the value of (-2 - 0) + -4 + 6?
0
-4 + -3 + 3 + 7
3
What is the value of (9 - 1) + (-1 - 2)?
5
What is the value of (-2 + 2 - -2) + (1 - 0)?
3
-16 - (-16 + (1 - -3))
-4
What is 0 + 0 + (-29 - -14 - -13)?
-2
Calculate (12 - 1) + -4 + -2.
5
-2 - (-4 - 0) - 2
0
Calculate -11 + (8 - 0) + 0 + 8.
5
Evaluate (-4 - -3) + -3 + 8.
4
Calculate 1 - 6 - (30 - 27).
-8
Calculate (1 - (-1 + 1)) + 0 + -6.
-5
Calculate 13 - (3 - (-7 - -4)).
7
What is the value of 4 + (10 - (-12 + 29))?
-3
What is the value of 0 + 4 + (17 - 17)?
4
Calculate -3 + -1 + (-1 - -3).
-2
-7 - -3 - 2 - (9 + -10)
-5
What is the value of (5 - 1) + -1 + -7?
-4
-70 + 76 + 2 + 2
10
Calculate 2 + 0 + 10 + -8.
4
What is the value of ((-8 - -4) + 0 - -4) + -1?
-1
Evaluate 2 + (9 - 18) - -5.
-2
What is (-1 - 3) + (-5 - -7)?
-2
2 + -1 + 0 - 1 - 3
-3
What is 5 + 1 + 2 + (0 - 12)?
-4
Calculate 1 - (1 + 2 - -1).
-3
Calculate (3 - (2 - (-4 - 0))) + 8.
5
Evaluate -4 + (3 - -6 - 4) + 4.
5
-2 + 4 + 3 + -6
-1
Calculate (-3 - (0 - -2)) + 3.
-2
Calculate 4 + -5 + -3 + (-4 - -5).
-3
Calculate -5 + (0 - -1) + (-8 - -16).
4
Evaluate 1 - 1 - ((-3 - -7) + 0).
-4
What is 7 - (3 + 11 + (-7 - -1))?
-1
-3 - (7 - (15 - (-4 + 6)))
3
What is the value of (-3 - 1) + 3 + -3 + 3?
-1
What is the value of (-4 - -5) + 0 + 0?
1
Calculate -2 + 2 + (-4 - (1 - 3)).
-2
Evaluate (3 - 12) + (24 - 7).
8
Evaluate 2 + -1 + (-1 - (-2 + 7)).
-5
1 - ((3 + -10 - -14) + -8)
2
Evaluate 0 + (-1 - (5 - 2)).
-4
Evaluate -8 + (11 - (1 - -2)) - 0.
0
Evaluate -1 - (-1 - (-1 + 6 - 10)).
-5
-3 + (0 - -2) - 4
-5
Calculate 10 - (-2 + 8) - -2.
6
Calculate 11 - (9 + -5) - (-1 - 0).
8
Calculate 2 - (1 - ((-1 - -2) + -3)).
-1
What is the value of 6 - (0 - -4 - (0 - -1))?
3
-8 + 0 - (-3 - -2)
-7
What is 3 - 0 - (10 - (4 + 0))?
-3
Calculate (-4 - 2) + 3 - (3 - 6).
0
Calculate -12 + (-6 - -4) + -3 + 11.
-6
What is the value of (-7 - -1) + (16 - 7)?
3
What is the value of 2 - 10 - -2 - (-2 - 0)?
-4
Evaluate 0 + 11 + -17 + 8.
2
0 - (-5 - (-7 - 1 - -4))
1
Evaluate 1 - (3 + 3 + -1).
-4
-9 - -2 - -3 - -1
-3
What is the value of (-8 - -1 - -7 - 5) + -4?
-9
What is -11 + (-1 - (-2 - 7))?
-3
What is -18 - (15 + -5 + -22)?
-6
0 + (-1 - -7) + -3
3
What is -19 + 11 + (0 - -7)?
-1
Calculate (-3 - (-1 + -3)) + 1.
2
What is -63 + 62 - (1 + -2 + 9)?
-9
What is 4 + -8 + 30 + -22?
4
What is -1 + 18 - 6 - 5?
6
-3 + 6 + (2 - (-3 - -7))
1
What is (-2